12
Let t be 2/8*4 - 94. Let x = -85 - t. Let z(h) = h**2 + 10 + 8 - x*h - 10. Calculate z(7).
1
Let i(l) = 8*l - 110. Let p(h) = -h**3 - 179*h**2 - 869*h + 188. Let a be p(-174). Give i(a).
2
Let t = 789 - 782. Let f be -13 + t + 14/(-2)*-1. Let s(o) = -36*o**3 - o**2 + 2*o - 1. What is s(f)?
-36
Let o(y) be the second derivative of y**3/2 - 2*y**2 - 18*y + 15. Suppose -d - 1 = 8. Let g be 68/(-18) - (-2)/d. What is o(g)?
-16
Let q = 4808 - 4795. Let r(a) = a**2 - 11*a - 20. Determine r(q).
6
Let z(x) = -x**2 - 7*x - 25. Let u(g) = -g**2 + 22*g - 93. Let t be u(17). Determine z(t).
-33
Let q(a) be the third derivative of a**5/60 - a**4/12 - 13*a**3/3 + 176*a**2 - 11. What is q(0)?
-26
Let y = 7 + -4. Let r(n) = 14*n**2 + 7*n**2 + 11*n**2 - 46*n**2 + 5*n. Let u(k) = -5*k**2 + 2*k. Let h(x) = 6*r(x) - 17*u(x). Give h(y).
-3
Let w(r) be the first derivative of -r**4/4 - 5*r**3/3 + 4*r**2 - 5*r - 24. Let u be 15/((-105)/14) - 4. Calculate w(u).
-17
Let i be (-34)/(-6) + 2 + 32/(-12). Let a(z) = -z**2 - 12*z - 13. Let h be a(-9). Suppose -i*t = -9 + h. Let w(u) = 4*u**3 + 1. Calculate w(t).
-3
Suppose -p + 2*t - 15 = 0, 4*p + t + 44 = 5*t. Suppose -35*v + 37*v = 12. Let u(d) = v*d**2 - 16 + d**3 + 2*d**2 + 6*d + 9. Calculate u(p).
0
Suppose -8*q + u = -3*q - 41, -u = 4*q - 31. Let b(r) = r**2 - 7*r - 6. Let n be b(q). Let f(y) = 6 + 2*y - 7 - 1 + 2*y**2. Calculate f(n).
10
Let g(k) be the first derivative of k**2/2 - 17*k - 83. Calculate g(8).
-9
Let i(l) = -3*l**2 - 3*l - 2. Let c be ((-138)/10)/(17/(-255)). Let u = -209 + c. Calculate i(u).
-8
Let r(s) = s**2 - 4*s - 17. Let j(b) = 101*b**2 - 5254*b + 108. Let w be j(52). What is r(w)?
-17
Let s be -3 - 1*-6 - (-14)/7. Let p(y) = 5 + 2*y**2 - 3 + 0*y - 2*y. Let z(a) = 3*a**2 - 3*a + 2. Let l(c) = s*p(c) - 4*z(c). What is l(-2)?
-10
Let j = 24 + -19. Let l(v) = 8*v - 9. Let k be l(j). Let b(a) = 0*a + k - 26 - a. Give b(-4).
9
Let d = -485 - -481. Let t(k) = 5 - 4 - 3 + k. Give t(d).
-6
Let x(c) be the first derivative of 2*c**3/3 - c**2/2 - c + 375. Give x(-7).
104
Let d(f) = -f**3 - 19*f**2 - 61*f + 3. Suppose 40 = 87*q + 372 + 16. What is d(q)?
7
Let j = 27 + -24. Suppose 5*x + g = -22, -j*x + g + 6 = -4*x. Let y(v) be the third derivative of -v**6/120 - v**5/15 - v**3/2 + 7*v**2. Determine y(x).
-3
Suppose -38*g + 10*g = -112. Let o(c) = 3*c - 9. Let q(n) = 6 - 6 + 1. Let r(m) = o(m) + 5*q(m). Give r(g).
8
Suppose -v + 6 = 2*v. Let q(k) = 3*k**3 + 7*k**2 - 3*k + 37. Let y(p) = -2*p**3 - 5*p**2 + 2*p - 28. Let h(g) = -3*q(g) - 4*y(g). Give h(v).
-9
Let m(k) be the second derivative of k**7/2520 + k**6/90 + k**5/15 + k**4/6 - 2*k**2 + 45*k - 1. Let b(j) be the third derivative of m(j). Give b(-7).
1
Let p be -4*2*2/(-8). Let f(z) be the third derivative of -1/2*z**3 + 0*z + 1/120*z**6 + 0 + 59*z**2 - 1/30*z**5 + 1/6*z**4. What is f(p)?
5
Suppose 4*x - 4 = -6*s + 10*s, s = -4*x - 1. Let y be (s/(-3))/(2 + (-17)/9). Let r(m) = 3*m - 7*m + 5 - 3. What is r(y)?
-10
Let s(j) = j**3 + 4 + 0*j**3 - 1 + 3*j**2. Suppose 41*z = -3 - 54 - 66. What is s(z)?
3
Let g(d) = 7 + d - 18 - 2 + 4. Suppose 24 = 2*y + y + z, 3*z = 5*y - 54. Let w = 18 - y. Determine g(w).
0
Let x(d) = -2*d**3 + 20*d**2 + 7*d + 46. Let w be x(10). Let b(f) = 2 - f**2 + 1 - f**2 + 117*f + w*f - 235*f. What is b(2)?
-9
Let k = 64 - 31. Let a(x) = -7 + k*x + 27*x - 58*x. Calculate a(5).
3
Let x(d) be the first derivative of -7*d**2/2 + 97*d - 10595. Calculate x(14).
-1
Let m(k) be the first derivative of 7*k**3/3 + k**2/2 - 4*k + 1203. What is m(-3)?
56
Let k = 12152 - 12170. Let p(d) = d**3 + 18*d**2 + 4*d + 59. Calculate p(k).
-13
Suppose 53 = x + 2*a, x + 0*a - 73 = 3*a. Suppose 2*p + 19 = x. Suppose -2*u - 3 = 3*j, -u + 2*j + j = -p. Let y(f) = -2*f + 8. What is y(u)?
-4
Let f(r) = -r**2 + 6*r - 5. Let g be 2 + 24 + -4 - 3. Let k = g + -19. Suppose c - 4 + 0 = k. Determine f(c).
3
Let x be (5 - -1)*160/60. Let i be (x/12)/((-20)/(-9) - 2). Suppose 3*n + 6 = -i. Let w(y) = -y**3 - 3*y**2 + 4*y + 5. Calculate w(n).
5
Let k(q) = q**3 + 11*q**2 + 17*q - 4. Suppose 2158 - 2086 = -8*c. Give k(c).
5
Suppose 2*b + 81 = 4*b + 5*l, 144 = 3*b + 3*l. Let u be (b - 1)*(2 + 18/(-12)). Let n(i) = -u + 2*i + 29 - 3*i. What is n(5)?
-2
Let p(d) = 4*d**2 - 29*d - 109. Let q(w) = -3*w**2 + 27*w + 98. Let n(j) = -2*p(j) - 3*q(j). Determine n(25).
-26
Let j(v) = -v**2 - 6*v + 7. Let w(t) = t + 9. Let y be w(-7). Let k = -361 - -377. Suppose y*h = 4 - k. Give j(h).
7
Let x(i) = -4 + 8*i + 7344*i**3 - 9*i**2 - i**2 - 7343*i**3. What is x(8)?
-68
Let x be 0/(-1*(-3 + 5)). Suppose 3*w - 3 = x, 2*w - 6 = z - 0*z. Let j be 1*(-1 - 12/z). Let p(c) = 3*c**2 - 3*c + 1. Calculate p(j).
7
Let s = 42367 + -42362. Let x(n) be the third derivative of -1/20*n**s + 1/6*n**3 - 42*n**2 + 0*n + 0*n**4 + 0. What is x(-1)?
-2
Let a = -9059 - -9075. Let q(d) = -d**3 + 18*d**2 - 33*d + 11. Calculate q(a).
-5
Let f(o) = -4*o**2 + 3*o - 16. Let t(a) = -2*a**2 + a - 6. Let r(h) = 2*f(h) - 5*t(h). Suppose 5*k - 7 = -5*l + 6*k, 0 = 3*l - k - 3. Calculate r(l).
8
Let c(i) = 58*i**2 - 10*i - 61. Let k(r) = -26*r**2 + 5*r + 30. Let a(v) = 4*c(v) + 9*k(v). Give a(-5).
-49
Let m(g) = 3*g**2 + g - 4. Let o(k) = -2*k**2 + 2. Let y(x) = -2*m(x) - 5*o(x). Let v be 4/((0 + 1)/(10/(-120)*3)). What is y(v)?
4
Let w(x) be the third derivative of -x**6/120 + x**5/15 + x**4/12 - 20*x**2. Let q = -676 - -679. Determine w(q).
15
Let q(f) = -f**3 + 15*f**2 + f - 7. Let o(i) = -i - 8. Let h(s) = 1. Let a(w) = -6*h(w) + o(w). Let y be a(-29). Calculate q(y).
8
Suppose -5*c = -3*h + 6, 3*c = h + 2*h - 6. Let t(g) = -2*g**3 - 2*g - 20*g**2 + g**3 + 17*g**h. Let q be t(-1). Let a(x) = -x**2 - x - 15. What is a(q)?
-15
Let f(r) = -14 - 24 - 21 + 58 - 2*r. Let p(n) = 5*n + 3. Let g(x) = -8*f(x) - 3*p(x). Calculate g(3).
2
Let l(q) = -8*q - 14. Let d = 4396 - 4392. Calculate l(d).
-46
Let o(b) = 5*b - b**3 + 2 - 3 + 2*b**2 + 4. Suppose 3*n - 10*j - 67 = -15*j, n + 51 = 5*j. Give o(n).
-9
Let i = 69 - -75. Suppose -13*a = -29*a - i. Let w(v) = 2*v - 4. What is w(a)?
-22
Let w(x) = x**3 - 13*x**2 + 29*x + 13. Suppose -7*g = 4*s - 4*g - 46, 0 = -3*s + 4*g + 22. Calculate w(s).
3
Suppose 4*b + 0 = 4. Let k = 6 + b. Let x(u) = 15 + 7 + 4 + u**2 + 13 - 45 - 8*u. Give x(k).
-13
Let c = 310/179 - 3541/2148. Let j(s) be the second derivative of -32*s + c*s**4 + 1 - 3/2*s**3 - 3/2*s**2. Give j(9).
-3
Let c(k) = 14*k**3 - 13*k**2 - 15*k + 2. Let y(d) = 22*d**3 - 19*d**2 - 22*d + 2. Let b(w) = -14*c(w) + 9*y(w). Determine b(-3).
-1
Suppose 30*p + 61 = -140*p - 109. Let j(r) = 21*r - 4. Calculate j(p).
-25
Let m(a) be the third derivative of a**5/30 + a**4/2 + 5*a**3/3 - 1348*a**2. What is m(-9)?
64
Let n(k) be the second derivative of -k**4/12 - 10*k**3/3 - 19*k**2/2 + 6*k - 23. What is n(-19)?
0
Let r = -122 - -129. Let x(k) = 3*k + k**3 - 25 - r*k + 11*k**2 - 14. Let d be x(-11). Let l(y) = -3*y - 3. Calculate l(d).
-18
Let v(j) = -4*j**2 + 6*j + 3*j**2 - 6 + 0. Suppose -1155 = -55*p + 66*p. Let b = p - -110. Determine v(b).
-1
Let y(p) be the first derivative of p**3/3 - p**2/2 - 2*p - 47. Let r(d) = 2*d**2 - 105*d + 152. Let s be r(51). Determine y(s).
0
Let m(z) = -z**3 - 7*z**2 + 6*z + 7. Suppose 4*y = 2*p - 1638, -4*p = -0*p + 5*y - 3276. Let w = p - 826. What is m(w)?
-35
Let o(t) be the third derivative of -t**5/60 - 3*t**4/8 - 7*t**3/2 + 62*t**2 - 2*t. Determine o(-6).
-3
Let m(g) = 5*g + 1. Suppose 183 = -7*k + 155. Let z be (-16)/k*(-3)/(-6). Calculate m(z).
11
Let u(k) be the second derivative of -2*k**3/3 + 103*k**2/2 + 14594*k. Calculate u(28).
-9
Let o(i) = i**3 + 10. Suppose 37 = -a + 47. Suppose a = -9*q + 10. What is o(q)?
10
Let m(v) = 3*v**2 - 2*v + 5. Let a(c) = 2*c**2 - 2*c + 5. Let x(b) = 4*a(b) - 3*m(b). Let p = 74 + -69. Let q be p/1 + -1 + -8. Determine x(q).
-3
Let g(t) = -66 + 45 - 13*t - 55 + 31*t. What is g(5)?
14
Suppose 3*h + 4 = -5. Let j(c) = -c**2 + 6. Let v(n) be the first derivative of -2*n**3/3 - n**2/2 + 7*n - 19. Let f(g) = 4*j(g) - 3*v(g). Calculate f(h).
12
Let v(o) be the second derivative of o**5/20 + 23*o**4/12 - 4*o**3 + 13*o**2/2 + 5255*o. Determine v(-24).
13
Let c(k) = 71*k - 2. Let d = 1752 - 1751. Calculate c(d).
69
Let l(v) = -35*v + 143. Let c(s) = -109*s + 440